{"id":18333,"date":"2026-04-15T13:32:32","date_gmt":"2026-04-15T11:32:32","guid":{"rendered":"https:\/\/www.treninoverde.com\/CAL20\/event\/il-trenino-verde-della-sardegna-viaggio-da-arbatax-a-lanusei-119\/"},"modified":"2026-08-03T09:25:05","modified_gmt":"2026-08-03T07:25:05","slug":"il-trenino-verde-della-sardegna-viaggio-da-arbatax-a-lanusei-119","status":"publish","type":"tribe_events","link":"https:\/\/www.treninoverde.com\/CAL20\/event\/il-trenino-verde-della-sardegna-viaggio-da-arbatax-a-lanusei-119\/","title":{"rendered":"Il Trenino Verde della Sardegna &#8211; Viaggio da Arbatax a Lanusei"},"content":{"rendered":"<p><strong>Arbatax &#8211; Lanusei<\/strong><br \/> Il viaggio \u00e8 lungo circa 35 km e la sua durata \u00e8 di circa 1h 30.<br \/>\nLasciata Arbatax, il Trenino Verde attraversa Tortol\u00ec e si dirige verso l\u2019interno tra una vegetazione sempre pi\u00f9 folta e, dopo Elini, permette di ammirare ampie vedute panoramiche. Lanusei, capolinea del viaggio, \u00e8 un importante centro tra vigneti e boschi. Il suo territorio ospita numerosi nuraghi vicini al centro abitato, l\u2019osservatorio astronomico aperto al pubblico e il Bosco di Selene, fresco anche nei mesi pi\u00f9 caldi. <br \/><span style=\"text-align:center\"><a style=\"font-size: 1.2rem;background-color: #21759b\" class=\"tribe-events-gcal tribe-events-button\" href='https:\/\/booking.linkavel.com\/?sellerId=6&amp;language=it&amp;productType=SELLER_TYPE_MPL&amp;departureAgencyStopName=ARBATAX&amp;destinationAgencyStopName=Lanusei&amp;passengerNumber=1&amp;date=2026-09-10' title=\"Acquista il viaggo\">+ Acquista<\/a><\/span><\/p>\n","protected":false},"excerpt":{"rendered":"<p>Arbatax &#8211; Lanusei Il viaggio \u00e8 lungo circa 35 km e la sua durata \u00e8 di circa 1h 30. Lasciata Arbatax, il Trenino Verde attraversa Tortol\u00ec e si dirige verso &hellip;<\/p>\n<p class=\"read-more\"> <a class=\"\" href=\"https:\/\/www.treninoverde.com\/CAL20\/event\/il-trenino-verde-della-sardegna-viaggio-da-arbatax-a-lanusei-119\/\"> <span class=\"screen-reader-text\">Il Trenino Verde della Sardegna &#8211; Viaggio da Arbatax a Lanusei<\/span> Leggi altro &raquo;<\/a><\/p>\n","protected":false},"author":4,"featured_media":18067,"template":"","meta":{"_tribe_events_status":"","_tribe_events_status_reason":"","footnotes":""},"tags":[27],"tribe_events_cat":[93],"class_list":["post-18333","tribe_events","type-tribe_events","status-publish","has-post-thumbnail","hentry","tag-arbatax","tribe_events_cat-arbatax-lanusei","cat_arbatax-lanusei"],"_links":{"self":[{"href":"https:\/\/www.treninoverde.com\/CAL20\/wp-json\/wp\/v2\/tribe_events\/18333","targetHints":{"allow":["GET"]}}],"collection":[{"href":"https:\/\/www.treninoverde.com\/CAL20\/wp-json\/wp\/v2\/tribe_events"}],"about":[{"href":"https:\/\/www.treninoverde.com\/CAL20\/wp-json\/wp\/v2\/types\/tribe_events"}],"author":[{"embeddable":true,"href":"https:\/\/www.treninoverde.com\/CAL20\/wp-json\/wp\/v2\/users\/4"}],"version-history":[{"count":1,"href":"https:\/\/www.treninoverde.com\/CAL20\/wp-json\/wp\/v2\/tribe_events\/18333\/revisions"}],"predecessor-version":[{"id":18666,"href":"https:\/\/www.treninoverde.com\/CAL20\/wp-json\/wp\/v2\/tribe_events\/18333\/revisions\/18666"}],"wp:featuredmedia":[{"embeddable":true,"href":"https:\/\/www.treninoverde.com\/CAL20\/wp-json\/wp\/v2\/media\/18067"}],"wp:attachment":[{"href":"https:\/\/www.treninoverde.com\/CAL20\/wp-json\/wp\/v2\/media?parent=18333"}],"wp:term":[{"taxonomy":"post_tag","embeddable":true,"href":"https:\/\/www.treninoverde.com\/CAL20\/wp-json\/wp\/v2\/tags?post=18333"},{"taxonomy":"tribe_events_cat","embeddable":true,"href":"https:\/\/www.treninoverde.com\/CAL20\/wp-json\/wp\/v2\/tribe_events_cat?post=18333"}],"curies":[{"name":"wp","href":"https:\/\/api.w.org\/{rel}","templated":true}]}}

<p><strong>Arbatax &#8211; Lanusei</strong><br /> Il viaggio è lungo circa 35 km e la sua durata è di circa 1h 30.<br />
Lasciata Arbatax, il Trenino Verde attraversa Tortolì e si dirige verso l’interno tra una vegetazione sempre più folta e, dopo Elini, permette di ammirare ampie vedute panoramiche. Lanusei, capolinea del viaggio, è un importante centro tra vigneti e boschi. Il suo territorio ospita numerosi nuraghi vicini al centro abitato, l’osservatorio astronomico aperto al pubblico e il Bosco di Selene, fresco anche nei mesi più caldi. <br /><span style="text-align:center"><a style="font-size: 1.2rem;background-color: #21759b" class="tribe-events-gcal tribe-events-button" href='https://booking.linkavel.com/?sellerId=6&amp;language=it&amp;productType=SELLER_TYPE_MPL&amp;departureAgencyStopName=ARBATAX&amp;destinationAgencyStopName=Lanusei&amp;passengerNumber=1&amp;date=2026-09-10' title="Acquista il viaggo">+ Acquista</a></span></p>

<p>Arbatax &#8211; Lanusei Il viaggio è lungo circa 35 km e la sua durata è di circa 1h 30. Lasciata Arbatax, il Trenino Verde attraversa Tortolì e si dirige verso &hellip;</p>
<p class="read-more"> <a class="" href="https://www.treninoverde.com/CAL20/event/il-trenino-verde-della-sardegna-viaggio-da-arbatax-a-lanusei-119/"> <span class="screen-reader-text">Il Trenino Verde della Sardegna &#8211; Viaggio da Arbatax a Lanusei</span> Leggi altro &raquo;</a></p>
